ulate the highest common divisor of 3 and m.
3
Suppose 3 + 31 = 2*g. Suppose -5*d = -4*d - 119. What is the highest common factor of g and d?
17
Let d(z) = z**2 + 9*z + 20. Let q be d(-8). What is the highest common divisor of 48 and q?
12
Suppose 0*t + 4 = 2*t. Suppose -5*p - 25 = -t*y - 0*y, 4*y = p + 23. Let x be (3/2)/(p/(-18)). Calculate the greatest common factor of x and 9.
9
Suppose 0*h - 2*h = -66. Suppose 4*a = 33 + 11. What is the greatest common factor of a and h?
11
Let x(k) = -134*k**3 - k**2 + k + 1. Let p be x(-1). Calculate the greatest common divisor of 19 and p.
19
Suppose k - 13 = 4*l, k = -2*l + 4*l + 9. Let x be 1/l + 219/6. Let n be 9/(-2)*(-5 + -3)/4. What is the highest common factor of x and n?
9
Let f = -12 + 16. Let x be 3*-4*f/(-8). Calculate the greatest common divisor of 4 and x.
2
Suppose -5*q + 124 = -q - 5*i, 3*q = -3*i + 66. What is the highest common divisor of q and 104?
26
Let w be (-1212)/(-15) + 1/5. Suppose 216 = 5*b - b. What is the greatest common divisor of b and w?
27
Let a be 20/(-25)*55/2. Let q = a + 38. What is the highest common factor of q and 16?
16
Suppose o = -4*s + 124, 2*o = -5*s - o + 162. What is the greatest common factor of 12 and s?
6
Let q(g) = 2*g**2 - 18. Let r be q(4). What is the greatest common factor of r and 14?
14
Let q be (-2)/14 - 216/(-42). Suppose -54 = q*t - 144. What is the highest common divisor of 198 and t?
18
Suppose 0*j - 5 = -j. Suppose -g + 0*g - 3 = 0. Let x = g - -4. What is the highest common divisor of j and x?
1
Suppose 6 = 3*r - 0. Let o(a) = -r*a**2 + 3*a + 10*a**2 + 3*a**3 - 2*a**3 + 5. Let g be o(-7). What is the highest common factor of 22 and g?
11
Let t be (-48)/(-14)*(-210)/(-12). Let d be 73/3 - 2/6. Calculate the greatest common factor of t and d.
12
Let d = 692 + -309. Let c be d/7 + (-4)/(-14). Calculate the highest common factor of 11 and c.
11
Let j = 143 - 74. Let w = -49 + j. Calculate the greatest common factor of 4 and w.
4
Suppose 4*g - m = -3*m + 26, -3*m = 3*g - 27. Suppose -2*f = 4, 3*f = 5*t + g + 10. Let c = 15 + t. What is the greatest common factor of c and 110?
11
Let k be (-630)/(-9) + (0/(-1))/2. What is the highest common divisor of 14 and k?
14
Let s(v) = -2*v + 2. Let p be s(-2). Let q = 86 - p. Let z = q - 44. Calculate the greatest common divisor of z and 24.
12
Let c(g) = -g**3 + 12*g**2 + 4*g - 9. Let i be c(12). Suppose 0 = -3*n + b + 37, n + 8 = 5*b + i. Calculate the highest common divisor of n and 11.
11
Suppose -3 = -4*z + 9. Suppose -p = z*q + 3*p - 22, 5*p = 2*q - 7. Calculate the greatest common divisor of q and 66.
6
Suppose 11*u - 8*u = 24. Calculate the highest common factor of 20 and u.
4
Let o(a) = a**2 - 2*a. Suppose -2*u = -5 - 1. Let h be o(u). Calculate the greatest common divisor of h and 21.
3
Let s = 3 - 1. Suppose 0 = -3*a + o + 43 + 12, -s*o = -10. What is the greatest common divisor of a and 4?
4
Suppose 2*b - 5*b + 18 = 0. Calculate the highest common divisor of 42 and b.
6
Let r = -2 - 2. Suppose 5*l - 43 = -8. Let y = l + r. What is the highest common divisor of 9 and y?
3
Suppose 2*h - 92 = -6. Let q be h - 3*1/(-3). Let p be 2/(-6) - 26/(-6). Calculate the greatest common factor of p and q.
4
Suppose c - 19 - 16 = 0. Let j(i) = 11*i**2 - 2*i + 1. Let s be j(1). Suppose y - 3*y + s = 0. Calculate the greatest common factor of y and c.
5
Suppose 42 = -8*v + 162. What is the greatest common divisor of 60 and v?
15
Suppose 4*f + 3*d - 284 = 0, -5*f + 7*d + 320 = 2*d. Calculate the greatest common factor of 17 and f.
17
Let q be 1/(4 + -3 + 0). Let r be -2 + (q + 2 - -9). Suppose 0*n + r = 2*n. What is the greatest common divisor of 15 and n?
5
Suppose -3*w = -3*b + 7*b - 24, 5*w - 20 = 0. Suppose 0 = b*h - 5*h + 20. What is the highest common divisor of 50 and h?
10
Suppose 3 = w - 20. What is the greatest common divisor of w and 23?
23
Let y(v) = -9*v**3 + 2*v**2 - v - 2. Let g be y(-1). Calculate the greatest common factor of 80 and g.
10
Let y = -12 - -16. Let i = -2 - -6. Calculate the greatest common divisor of i and y.
4
Let o = -46 - -96. Calculate the greatest common factor of 10 and o.
10
Suppose -7 = -2*h + 5. Let f = 271 - 181. Suppose 2*m = -m + f. Calculate the greatest common divisor of h and m.
6
Suppose -2*q - 20 = -3*q. Let d = 34 + -59. Let p be (-90)/d - (-4)/10. What is the greatest common divisor of p and q?
4
Let o = -1 + -4. Let t(y) = 0 + 1 - 4 - 3*y. Let s be t(o). Calculate the greatest common factor of 6 and s.
6
Let g be 13/(0 - (-2)/(-2)). Let x be 568/26 + (-2)/g. What is the highest common divisor of x and 110?
22
Suppose -o = -4*o + 45. Let h = -9 + o. Suppose 0 = -0*n + 5*n + 4*j - 2, 0 = -n - j. Calculate the highest common factor of n and h.
2
Suppose 23*b - 19*b - 32 = 0. Let s(r) = r + 21. Let t be s(0). Let m = t - 1. What is the highest common divisor of b and m?
4
Suppose 5*t + 12 - 178 = -4*r, -3*t + 2*r + 82 = 0. What is the highest common factor of 6 and t?
6
Let j = 9 - 5. Suppose -4*p - 4*a = -64, p - 75 = -j*p - 4*a. What is the highest common factor of 55 and p?
11
Suppose -12*n + 9*n = 18. Let y = 9 + n. Calculate the greatest common factor of y and 6.
3
Let t be 2/3*(1 + 2). Suppose 4*x + 4 = 5*x. Suppose 5*g = 5*i + 40, -3*i - i + x = t*g. Calculate the highest common factor of 15 and g.
3
Suppose -19 = -t + 197. What is the greatest common divisor of 24 and t?
24
Let j = 47 - 33. Let v(u) = -u**2 + 8. Let c(a) = -3*a**2 + 17. Let p(y) = -2*c(y) + 5*v(y). Let b be p(-6). What is the highest common divisor of b and j?
14
Let a = -9 - -4. Suppose 2*v = 7*v + 5. Let p be ((-72)/(-10))/(v/a). Calculate the greatest common factor of 4 and p.
4
Let k(y) = -y**2 - 13*y - 12. Let q be k(-8). Suppose -68 = -5*g - 2*v, -3*g = -5*g - v + q. What is the greatest common factor of g and 60?
12
Let b be (-2)/(-2 + 1) - -9. Calculate the greatest common factor of 55 and b.
11
Let o be (-4)/20 + (-16)/(-5). Suppose a + 18 = o*a. Calculate the greatest common divisor of a and 9.
9
Let g = 237 + -193. Suppose 25 = 2*x - 19. Calculate the highest common divisor of g and x.
22
Suppose -33 = -7*g + 3*g - i, 3*g - 46 = -5*i. What is the highest common factor of 63 and g?
7
Suppose -3*g = -0*g - 72. What is the greatest common factor of 16 and g?
8
Let n(c) = 2*c + 2. Let q be n(-3). Let j = q - -6. Suppose 0*r = -j*r + 20. Calculate the highest common factor of r and 10.
10
Let x = 636 - 346. What is the highest common factor of 29 and x?
29
Let y(k) = -k**3 + 8*k**2 + k - 6. Let f be y(8). Suppose f*p - 67 = 41. What is the greatest common factor of 6 and p?
6
Let w(y) = y**3 - y**2 + 2*y - 2. Let m be w(2). Let r(o) = -o**3 + 6*o**2 + o - 1. Let t be r(m). What is the highest common factor of 5 and t?
5
Let u(k) = -k**2 - 5*k - 3. Let s be u(-3). Let o = -16 - -16. Suppose b = -5*p - 0*b + 40, 4*p + s*b - 21 = o. What is the greatest common divisor of p and 18?
9
Let i = 7 - -8. Let z = -5 + i. What is the highest common factor of 70 and z?
10
Let l = -5 + 47. Calculate the greatest common factor of 14 and l.
14
Suppose 3*d - 6 = d, -c + 5*d = 0. Suppose 0 = -q + 3*z + 11, z + 0*z - c = -2*q. What is the greatest common divisor of q and 2?
2
Let a be 74/8 + (-4)/16. Suppose 5*c - 402 = k, k + 4*k = 15. Calculate the highest common divisor of a and c.
9
Suppose 3*m - 21 = -4*m. What is the highest common divisor of 78 and m?
3
Let t be 7 + (0 + 2 - -1). What is the greatest common factor of 2 and t?
2
Let f(k) = -4*k - 2. Let j be ((-6)/(-10))/(4/(-20)). Let a be f(j). Calculate the highest common divisor of a and 4.
2
Let b(g) = -7*g**2 - 8*g + 12. Let x(q) = q**2 + q - 1. Let s(o) = -b(o) - 6*x(o). Let l be s(-5). What is the greatest common factor of 99 and l?
9
Let x be 15/1*(-18)/27. Let k(p) = p**2 + 7*p - 13. Let w be k(x). Calculate the greatest common divisor of 34 and w.
17
Let l be (-109)/(-4) - 3/12. Let s be l/4*(-4)/(-1). Let t be -1 + (-1 - -1) + s. Calculate the greatest common divisor of 13 and t.
13
Let y be 2/(4/(-5))*-2. Suppose -41 = -3*o - 4*w, -4*o + 4*w = 9*w - 55. Calculate the greatest common divisor of o and y.
5
Let n(u) = u**2 + 4*u - 47. Let d be n(6). What is the greatest common divisor of d and 13?
13
Let o(s) = 7*s. Let j be o(10). W